rime factors of 2507?
23, 109
List the prime factors of 37951.
37951
List the prime factors of 1020.
2, 3, 5, 17
List the prime factors of 487.
487
What are the prime factors of 4953?
3, 13, 127
What are the prime factors of 448?
2, 7
What are the prime factors of 7863?
3, 2621
List the prime factors of 300.
2, 3, 5
List the prime factors of 28267.
23, 1229
List the prime factors of 3.
3
List the prime factors of 2613.
3, 13, 67
What are the prime factors of 1055?
5, 211
List the prime factors of 21307.
11, 13, 149
List the prime factors of 8242.
2, 13, 317
What are the prime factors of 327?
3, 109
List the prime factors of 12606.
2, 3, 11, 191
What are the prime factors of 51122?
2, 25561
What are the prime factors of 2349?
3, 29
What are the prime factors of 807?
3, 269
What are the prime factors of 4872?
2, 3, 7, 29
What are the prime factors of 832?
2, 13
List the prime factors of 1361.
1361
List the prime factors of 684.
2, 3, 19
What are the prime factors of 111?
3, 37
List the prime factors of 112720.
2, 5, 1409
List the prime factors of 17726.
2, 8863
What are the prime factors of 4697?
7, 11, 61
What are the prime factors of 8335?
5, 1667
List the prime factors of 734.
2, 367
List the prime factors of 6623.
37, 179
List the prime factors of 6628.
2, 1657
What are the prime factors of 1723?
1723
What are the prime factors of 26800?
2, 5, 67
List the prime factors of 1794.
2, 3, 13, 23
List the prime factors of 1732.
2, 433
List the prime factors of 43671.
3, 14557
List the prime factors of 92145.
3, 5, 6143
What are the prime factors of 16211?
13, 29, 43
List the prime factors of 29206.
2, 17, 859
List the prime factors of 2486.
2, 11, 113
List the prime factors of 55424.
2, 433
List the prime factors of 4568.
2, 571
What are the prime factors of 90029?
197, 457
What are the prime factors of 82074?
2, 3, 13679
What are the prime factors of 8313?
3, 17, 163
What are the prime factors of 13248?
2, 3, 23
What are the prime factors of 943?
23, 41
What are the prime factors of 4633?
41, 113
What are the prime factors of 2670?
2, 3, 5, 89
List the prime factors of 98385.
3, 5, 7, 937
What are the prime factors of 4209?
3, 23, 61
List the prime factors of 1131.
3, 13, 29
What are the prime factors of 13984?
2, 19, 23
List the prime factors of 1536.
2, 3
List the prime factors of 12262.
2, 6131
What are the prime factors of 2239?
2239
What are the prime factors of 663?
3, 13, 17
List the prime factors of 1096.
2, 137
List the prime factors of 4404.
2, 3, 367
What are the prime factors of 60345?
3, 5, 149
List the prime factors of 673.
673
List the prime factors of 10713.
3, 3571
List the prime factors of 348.
2, 3, 29
What are the prime factors of 956?
2, 239
List the prime factors of 13843.
109, 127
What are the prime factors of 21017?
21017
List the prime factors of 18023.
67, 269
List the prime factors of 535.
5, 107
What are the prime factors of 236?
2, 59
List the prime factors of 10476.
2, 3, 97
List the prime factors of 27639.
3, 37, 83
List the prime factors of 56890.
2, 5, 5689
List the prime factors of 1439.
1439
What are the prime factors of 45959?
45959
List the prime factors of 1664.
2, 13
List the prime factors of 2729.
2729
What are the prime factors of 108027?
3, 4001
What are the prime factors of 37140?
2, 3, 5, 619
List the prime factors of 3138.
2, 3, 523
List the prime factors of 30896.
2, 1931
List the prime factors of 2084.
2, 521
List the prime factors of 463.
463
What are the prime factors of 9734?
2, 31, 157
What are the prime factors of 16893?
3, 1877
List the prime factors of 5058.
2, 3, 281
List the prime factors of 13348.
2, 47, 71
What are the prime factors of 50367?
3, 103, 163
List the prime factors of 66064.
2, 4129
List the prime factors of 6063.
3, 43, 47
What are the prime factors of 169645?
5, 7, 37, 131
List the prime factors of 94223.
59, 1597
List the prime factors of 475.
5, 19
List the prime factors of 29462.
2, 14731
List the prime factors of 728.
2, 7, 13
What are the prime factors of 16029?
3, 13, 137
List the prime factors of 2045.
5, 409
List the prime factors of 2013.
3, 11, 61
List the prime factors of 53395.
5, 59, 181
What are the prime factors of 1016?
2, 127
What are the prime factors of 43231?
17, 2543
List the prime factors of 761.
761
List the prime factors of 346.
2, 173
What are the prime factors of 4988?
2, 29, 43
List the prime factors of 3112.
2, 389
What are the prime factors of 11238?
2, 3, 1873
List the prime factors of 23438.
2, 11719
List the prime factors of 94481.
107, 883
What are the prime factors of 911?
911
List the prime factors of 3664.
2, 229
What are the prime factors of 25685?
5, 11, 467
List the prime factors of 599.
599
What are the prime factors of 33729?
3, 11243
List the prime factors of 3137.
3137
List the prime factors of 4118.
2, 29, 71
What are the prime factors of 17694?
2, 3, 983
List the prime factors of 51595.
5, 17, 607
List the prime factors of 2413.
19, 127
List the prime factors of 537.
3, 179
What are the prime factors of 5440?
2, 5, 17
List the prime factors of 41594.
2, 7, 2971
What are the prime factors of 1174?
2, 587
What are the prime factors of 384?
2, 3
List the prime factors of 85160.
2, 5, 2129
What are the prime factors of 276?
2, 3, 23
List the prime factors of 6849.
3, 761
What are the prime factors of 566?
2, 283
List the prime factors of 913.
11, 83
What are the prime factors of 6080?
2, 5, 19
List the prime factors of 41360.
2, 5, 11, 47
List the prime factors of 31525.
5, 13, 97
What are the prime factors of 845?
5, 13
What are the prime factors of 2577?
3, 859
List the prime factors of 159850.
2, 5, 23, 139
List the prime factors of 107043.
3, 31, 1151
What are the prime factors of 1733?
1733
What are the prime factors of 980?
2, 5, 7
List the prime factors of 4556.
2, 17, 67
What are the prime factors of 7762?
2, 3881
What are the prime factors of 57936?
2, 3, 17, 71
What are the prime factors of 5729?
17, 337
List the prime factors of 429.
3, 11, 13
List the prime factors of 62.
2, 31
List the prime factors of 3201.
3, 11, 97
List the prime factors of 2316.
2, 3, 193
What are the prime factors of 1904?
2, 7, 17
List the prime factors of 8482.
2, 4241
List the prime factors of 18726.
2, 3, 3121
List the prime factors of 62016.
2, 3, 17, 19
What are the prime factors of 27450?
2, 3, 5, 61
List the prime factors of 370.
2, 5, 37
List the prime factors of 24263.
19, 1277
List the prime factors of 4530.
2, 3, 5, 151
List the prime factors of 180385.
5, 43, 839
List the prime factors of 6351.
3, 29, 73
What are the prime factors of 50295?
3, 5, 7, 479
What are the prime factors of 594?
2, 3, 11
List the prime factors of 1561.
7, 223
List the prime factors of 2852.
2, 23, 31
What are the prime factors of 1686?
2, 3, 281
What are the prime factors of 47070?
2, 3, 5, 523
List the prime factors of 1237.
1237
What are the prime factors of 73188?
2, 3, 19, 107
List the prime factors of 17497.
17497
What are the prime factors of 17969?
7, 17, 151
What are the prime factors of 96581?
96581
List the prime factors of 8017.
8017
What are the prime factors of 34730?
2, 5, 23, 151
What are the prime factors of 853?
853
What are the prime factors of 1780?
2, 5, 89
What are the prime factors of 144884?
2, 29, 1249
What are the prime factors of 1583?
1583
What are the prime factors of 81966?
2, 3, 19, 719
List the prime factors of 2547.
3, 283
What are the prime factors of 6788?
2, 1697
What are the prime factors of 223?
223
What are the prime factors of 181641?
3, 191, 317
List the prime factors of 8597.
8597
What are the prime factors of 3603?
3, 1201
What are the prime factors of 65?
5, 13
List the prime factors of 3989.
3989
List the prime factors of 2768.
2, 173
What are the prime factors of 5454?
2, 3, 101
What are the prime factors of 50496?
2, 3, 263
List the prime factors of 46.
2, 23
What are the prime factors of 567?
3, 7
What are the prime factors of 1785?
3, 5, 7, 17
List the prime factors of 80852.
2, 17, 29, 41
List the prime factors of 2891.
7, 59
List the prime factors of 759.
3, 11, 23
What are the prime factors of 517?
11, 47
What are the prime factors of 3480?
2, 3, 5, 29
What are the prime factors of 42836?
2, 10709
What are t